4. Let w(c) = -5*m(c) - v(c). Let d(y) = h*w(y) + f(y). Calculate d(3).
2
Suppose 4*r + x = 6*x + 9, 4*r - 33 = -3*x. Let s(v) = v**3 - 5*v**2 - v - 6. Let c(b) = 4*b**3 - 20*b**2 - 3*b - 23. Let p(i) = 2*c(i) - 9*s(i). Give p(r).
-10
Let r(x) = 7*x**2 - 2*x + 9. Let g(u) = 6*u**2 - 3*u + 8. Let l(j) = 6*g(j) - 5*r(j). Give l(7).
-4
Let d = -8 + 5. Suppose -k + 2*l - 6 = k, 5*k + l - 3 = 0. Let s = d - k. Let c(n) = -n**3 - 3*n**2 + 2*n + 3. Calculate c(s).
-3
Let b(v) be the second derivative of -v**5/20 - v**4/12 - v**3/6 - 18*v. What is b(-3)?
21
Let c(t) = t**3 + 5*t**2 + 2*t + 3. Suppose -25 = -b + 6*b. What is c(b)?
-7
Let d = 1 + 0. Let q = d + -1. Let k(p) = p - p + p + q. Give k(-5).
-5
Let b(v) = 3*v**2 - 7*v + 4. Let x(c) = c**2 - 2*c + 1. Let p = 6 - 14. Let y(w) = p*x(w) + 3*b(w). Calculate y(5).
4
Let l(u) = u**3 + 2*u**2 - 5*u + 1. Let x = 23 - 27. What is l(x)?
-11
Let x(z) = z**3 - 7*z**2 - 2*z + 9. Let n = -7 + 14. Calculate x(n).
-5
Let s(y) = -61*y**2 + 28 - 61*y**2 - 60*y**2 + 181*y**2. What is s(0)?
28
Let q(s) = s**3 - s**2 - s - 3. Let z = -81 - -84. What is q(z)?
12
Let u(x) be the third derivative of 3*x**2 + 0*x - 1/60*x**5 + 0*x**4 + 0 - 1/6*x**3. Determine u(0).
-1
Let w(y) = -y + 1. Let a be w(-4). Let f = -3 + a. Suppose -2*g = -4*t + 16, 0*g = -f*g - 3*t + 12. Let z(s) = -s**3 + s**2 + s + 4. Give z(g).
4
Let o be (36/(-27))/((-2)/(-15)). Let j = -5 - o. Let i(t) = t**3 - 4*t**2 - 5*t + 4. Calculate i(j).
4
Let u(f) be the third derivative of -f**4/24 - f**3/3 - 7*f**2. Give u(-7).
5
Let y(p) = 2*p - 2. Let b be (8/(-5))/(16/(-40)). Suppose -g = -2*t + b*g + 11, 4*t + 2*g - 10 = 0. What is y(t)?
4
Let f(k) = -6*k + 1. Let v(d) = -7*d + 2. Let u(m) = 5*f(m) - 4*v(m). Let p be 5*((-27)/15)/(-1). Suppose -g - 14 = b - 4*b, p = -3*g - 2*b. Determine u(g).
7
Let z(g) = g - 2. Suppose 0*i + 14 = 2*i. Suppose 3*y = -0*p + 5*p - i, 2*y = 4*p - 8. Determine z(y).
4
Suppose 5*d = -5*y, -7*y + 2*y + 14 = -2*d. Let r(w) = -w**3 - 3*w**2 - 3*w - 1. Determine r(d).
1
Let n(i) be the third derivative of 0*i + 3*i**2 + 1/6*i**3 + 1/6*i**4 + 0. Calculate n(-2).
-7
Let c(j) = -j**3 + 3*j**2 + 2*j - 2. Let d be c(3). Let k(n) = -3*n + d*n - 1 - 3. Let g be k(3). Let x(h) = h**3 + 2*h**2 + h. Give x(g).
0
Let q(g) = g**2 - 2*g + 2. Let l be q(2). Let h(a) = -4*a**l - a**2 - 3 + 4*a + 4*a**2. Let k(x) = -x + 16. Let o be k(12). What is h(o)?
-3
Let j(g) be the first derivative of -g**3/3 - 3*g**2 + 6*g - 24. Determine j(-6).
6
Suppose -2*i = 3*i + 15. Let u = i + 1. Let w(s) be the third derivative of -s**6/120 - s**5/30 - s**3/6 + s**2. Give w(u).
-1
Let d(r) = 4*r**3 - 1426*r - 4*r**2 + 1425*r + 3*r**2. Suppose 4*s - 10 = -2*c, 2*c = -s - 2*c - 8. Suppose 5*a + o + 3 + 0 = 0, s*o - 13 = 5*a. Determine d(a).
-4
Let i be (-40)/(-16) + (-2)/(-4). Let v(t) = -6 + 1 - 3*t**2 + 2*t**2 - t + 0*t**i - t**3. Calculate v(0).
-5
Let r = -1 - -2. Let x(t) = 1 - 3*t**2 + 5*t**2 - 3*t**2 + 8*t**2. Give x(r).
8
Let l = -6 - -11. Let z = -2 + l. Suppose -3*s + z*t = 18, 0*t = -4*t. Let q(f) = f + 3. Determine q(s).
-3
Let w(n) = -n**2 + 6*n - 1. Let l be w(5). Let m(h) = -h. Let p(i) = 8*i - 2. Let u(d) = 14*m(d) + 2*p(d). Determine u(l).
4
Let k(f) = -6*f**3 + f**2. Let i be (-7)/5 - 6/(-15). Let a(o) = -o + 7. Let z be a(6). Let x be (z - (-2)/(-1))*i. Give k(x).
-5
Let s(m) = m. Let k(y) = 11*y + 6. Let a(x) = -k(x) + 6*s(x). Calculate a(-4).
14
Let b = -8 + 12. Let l(w) = -2*w - b + w + 3. Let a = 1 - 1. Give l(a).
-1
Let a(o) = 13*o + 8*o - 22*o. Give a(-1).
1
Suppose -3*z = 11 + 7. Let c(w) = -3*w + 4*w**2 - 8 - 5*w + 3*w**2 - 2*w**2 + w**3. Calculate c(z).
4
Let l(d) = 3 - 5*d - d**3 + 0*d - 6*d**2 + 1. Let w be -5 + 5 - (1 - 10). Suppose -5*r + w = 34. Determine l(r).
4
Let m(x) be the third derivative of x**5/60 + x**4/6 - x**3/2 + 20*x**2. Calculate m(-4).
-3
Let i(h) be the second derivative of -3*h**3/2 - 47*h. Determine i(-1).
9
Let o be (-93)/15 + (-2)/(-10). Let w = o - -6. Let p(a) = -a**3 + a**2 - a + 5. Give p(w).
5
Let n(b) = -2*b - 21. Let q be (-5)/25 - (-33)/15. Let z(p) = -p - 10. Let u(t) = q*n(t) - 5*z(t). What is u(0)?
8
Let h(b) = 5*b**3 + 6*b - 7. Let y(f) = 10*f**3 + 11*f - 13. Let o(a) = 11*h(a) - 6*y(a). Let i be 30/(-42) + 2/(-7). Calculate o(i).
6
Let w be (1/2)/(10/(-100)). Let t be ((-9)/(-15))/(1/w). Let a(u) = -4*u - 4. Give a(t).
8
Suppose 0 = -3*b + 12 - 0. Let i(p) = 6*p - 3*p - b*p - 7. Suppose -c = u + 7, 4*c = -3*u + 2*u - 10. Calculate i(u).
-1
Let m(i) = 4*i + 4*i**2 + 2 - i**2 - 2*i**2. Let c = -10 - -12. Suppose -c*n + 5*b - 12 + 2 = 0, 5*b = 3*n + 15. What is m(n)?
7
Let c be 3/((-6)/(-4)*-1). Let l be (5/((-5)/2))/c. Suppose -4*o = 2*u - 6, u + 0*o + l = 2*o. Let d(t) = -4*t + 1. Give d(u).
-3
Let f(x) be the third derivative of 3/2*x**3 - 3*x**2 - 1/24*x**4 + 0 + 0*x. Give f(0).
9
Let a be (1 - -1)*(-4)/((-56)/(-35)). Let v(i) = i**2 + 4*i - 4. What is v(a)?
1
Let x(n) = -n - 1. Let a = 16 - 12. What is x(a)?
-5
Let m(j) = -3*j**2 + 0*j + 4*j**2 - 7 - 5*j + 0*j. Let x be m(6). Let v(y) = y**2 + 1 + 3*y - 3*y - y**3 + y + 4*y**3. Determine v(x).
-2
Let l(x) be the second derivative of x**5/20 + x**4/3 - x**3/3 - 2*x**2 - x. Suppose 2*y = -2*y + 12. Let k be (-8)/(-6)*(y + -6). What is l(k)?
4
Suppose -5*r - 2*g + 17 = 0, 2*r - 4*g = 31 - 5. Let z(d) = -d**3 - 8*d**2 - 7*d + 4. Let h be z(-7). Let s(l) = -l**2 + 3 + 11*l - h*l - 4. Give s(r).
9
Let f(b) = b - 6. Let a = -59 - -59. Give f(a).
-6
Let c(p) be the first derivative of -p**2 - p - 2. Suppose -3*z = -z + h - 4, 0 = z - 5*h + 9. Let f be -6 + (4 - (2 - z)). Determine c(f).
5
Let l = 0 - 1. Let s(g) be the first derivative of g**2 - 3. Calculate s(l).
-2
Suppose 15 + 1 = -4*w. Let b = -2 - w. Let s(k) = k**b + 0*k**2 + 3 - k - 5*k. Calculate s(5).
-2
Let f = -6 + 12. Let k = f + -9. Let c(b) = -2*b + 4. What is c(k)?
10
Let c(i) = 1 - 57*i - 3 + 52*i - i**2. Determine c(-4).
2
Let h(l) = 0*l**3 + 4 + 10*l**2 - 4*l**3 - l**3 + 6*l**3. Give h(-10).
4
Let q(s) = 20*s**2 - 17*s + 27. Let c(n) = -5*n**2 + 8*n - 9. Let m(h) = h**2 + h. Let d(t) = c(t) - 2*m(t). Let f(b) = -17*d(b) - 6*q(b). What is f(0)?
-9
Let k(o) = -2 + 3*o + 0 + 13*o**2 - 14*o**2. Determine k(2).
0
Let a(y) = -y**3 + 3*y**2 + 4*y. Let w(x) = x**3 + 3*x**2 - x + 1. Let k be w(-3). Give a(k).
0
Let y(u) = 4*u + 5. Suppose 2*f - f - 2*v = 2, -4*f + 5 = -5*v. Suppose 5*r = -4*o - 4, -4*o + f*o - 20 = r. Let k = o - -2. What is y(k)?
-11
Let k(c) be the third derivative of c**5/30 - 4*c**2. Let r be (2 - (-9)/3) + -1. Let f be (-2)/((-2)/4*r). Calculate k(f).
2
Let n(d) = -4*d + 2. Let q = 28 + -20. Let s = 12 - q. Suppose -3*x - t + 3 = x, -s*x - 3*t = 7. Calculate n(x).
-6
Let k(n) = -8*n + 1. Let a be -6 - -1 - (-1 + 1). Suppose 14 = 2*h + 2. Let q = h + a. Determine k(q).
-7
Suppose f - 1 = 2. Let g be 15/9 + 1/3. Let o(n) = g*n + 3 - 4*n**2 + 3*n**2 - f. What is o(2)?
0
Let g(c) = c + 1 + 0 + 1 - 6. Let w be g(4). Let o(q) = q**3 - q + 3. Give o(w).
3
Let p(y) be the third derivative of y**8/20160 - y**7/630 + y**6/180 + y**5/20 - 4*y**2. Let g(f) be the third derivative of p(f). Calculate g(6).
-8
Let c = 15 - 11. Let s be 20 + (-3 - 0/1). Let g(a) = -2*a - 4*a**2 + s*a**3 - 16*a**3 + 2 - 5 + 2. Determine g(c).
-9
Let j(h) = h**2 + 4*h + 6. Suppose -2*w - 16 = 2*z, 0*w - 2*z = -2*w. Give j(w).
6
Let s(m) = m**3 + 4*m**2 + 2. Let h be s(-4). Let q(v) = 2*v + 4*v**2 - h*v**3 + 1 - 4*v**2. Calculate q(-1).
1
Suppose 0 = -2*r + y - 5*y - 20, -2*y + 30 = -3*r. Let w be 15*(0 - 6/r). Let s(z) = w*z - z - z**2 - 5 - 2. Give s(7).
0
Let n(t) = -t**2 + 7*t - 14. Let d(f) = f + 1. Let c(m) = -2*d(m) - n(m). Let u be c(8). Let y(h) = -3*h - 1 + 1 + 4*h**2 + u - h**3. Give y(3).
4
Suppose 5*j - 8*j + 9 = 0. Let z(r) be the second derivative of 1/12*r**4 - r**2 + 2/3*r**j + 0 - r. What is z(-5)?
3
Let j(o) = o**2 - 3. Suppose 4*f = 5*w - 12, 0*w - 4*w = -3*f - 9. Let l be ((-6)/5)/((-2)/10). Suppose w = -c + l*c + 15. Determine j(c).
6
Let g(c) = c**3 - c**2 + c + 3. Let j be (0 + (0 - -1))*0. Suppose j = -i - i. What is g(i)?
3
Let h(q) be the second derivative of q**3/2 - 57*q. What is h(-5)?
-15
Let i be 2 + (-2 - 1 - 1). Let z(c) = 5*c**2 - 6*c - 3. Let r(h) = -4*h**2 + 5*h + 3. 